 31.
28
Suppose -6*d + 168 = -0*d. What is the remainder when 53 is divided by d?
25
Let i = 243 + -170. What is the remainder when i is divided by 19?
16
Let o(d) = 2*d - 11. Calculate the remainder when 102 is divided by o(16).
18
Let j = -25 - -39. Suppose -4 = -f + y, 0 = 3*f - 4*y - y - 16. What is the remainder when j is divided by (-16)/(-3) - f/6?
4
Suppose o = -t - 2, -2*o + 7*o - 2*t = -10. Let x(b) = -2*b + 1. Calculate the remainder when 14 is divided by x(o).
4
What is the remainder when 38 is divided by 396/30 - 2/10?
12
Suppose -f + 13 = 3*q, -3*f + 2*f + 10 = 2*q. Suppose q*r + 6 = 24. Calculate the remainder when 21 is divided by r.
3
Let o = -21 + 93. What is the remainder when o is divided by 37?
35
Let y = 28 - 19. Let u(l) = l**2 + l - 3. What is the remainder when y is divided by u(-3)?
0
Let d = -10 - -5. Let t = -3 - d. Calculate the remainder when 4 is divided by t.
0
Suppose 8*a - 45 = 3*a. Suppose 0 = -s - a + 40. Calculate the remainder when s is divided by 8.
7
Let y(p) = 2*p + 9. Let i be y(-4). Suppose -b = -18 + i. Calculate the remainder when b is divided by 6.
5
Suppose 5*b + 5 = 20. Calculate the remainder when 106/13 - (-26)/(-169) is divided by b.
2
Calculate the remainder when (-36 + -2)*(-2)/4 is divided by 10.
9
Suppose -j - 3*c + 49 = j, 3*j + c = 63. Calculate the remainder when j is divided by 8.
4
Let k be 247/7 + (-14)/49. Let w = k + -18. What is the remainder when 31 is divided by w?
14
Let a(f) = 57*f**3 - f**2 + 2*f - 1. Let q be a(1). Let i be (q - -1)/(-1 + 3). Suppose 0 = -2*g + i - 7. What is the remainder when 32 is divided by g?
10
Let y be -1 - 8/(4 - 8). Suppose -5*j + 26 = -3*j. What is the remainder when y/1 + 4 + 33 is divided by j?
12
Let d(p) = 2*p + 14. Let c be 3/(-2) + (-9)/(-6). What is the remainder when 54 is divided by d(c)?
12
Suppose -w - 11 = 18. Let v = w - -40. Calculate the remainder when 42 is divided by v.
9
Suppose 2*i - 4*j - 54 = j, 4*i - 118 = 5*j. What is the remainder when i is divided by 11?
10
Let l(v) = v + 7. Let k be l(-3). Suppose -3*u - k*q + 123 = 10, 4*q = 3*u - 97. What is the remainder when u is divided by 9?
8
Let u = 12 - -2. Let p be -2 + -6 + (-2 - -2). Calculate the remainder when (-2)/p - 318/(-8) is divided by u.
12
Let r(m) = -6*m - 5. What is the remainder when 58 - (2 + -2 + 2) is divided by r(-4)?
18
Let s = 40 + 8. What is the remainder when s is divided by 26?
22
Let j = -4 + 12. Suppose -5*c + 27 = -j. Calculate the remainder when 13 is divided by c.
6
Let o(j) = -j + 52. Calculate the remainder when o(21) is divided by 16.
15
Suppose 3*f + 1 = -2*v + 13, f = -v + 5. Calculate the remainder when 7 is divided by f.
1
Let p = -1 - -6. What is the remainder when (-1)/2*(-135 + p) is divided by 17?
14
Suppose 7*m = 2*b + 12*m - 61, 0 = 5*b - 2*m - 196. Calculate the remainder when b is divided by 10.
8
Let u(l) = -2*l - 30. What is the remainder when 335 is divided by u(-29)?
27
Let y = -40 - -58. Let u = 51 - 0. Calculate the remainder when u is divided by y.
15
Let v(w) = w**3 + 9*w**2 - 2*w - 2. Calculate the remainder when 30 is divided by v(-9).
14
Suppose 0 = 3*q - 5*u + 5 + 5, -15 = -4*q + u. Calculate the remainder when 6 is divided by q.
1
Suppose -2*j + 2*n + 9 = -7, j - 12 = 2*n. What is the remainder when 6 is divided by j?
2
Let l be 3/(-6) + 14/4. Suppose -l*a + 2 = -13. Suppose a*j - 5*v = 12 + 13, -2*j + 4*v + 12 = 0. What is the remainder when j is divided by 2?
0
Let k(n) = -2*n - 9. Let a be k(-6). Let x be 40/12 + 2/a. Suppose -3*o = -x*w - 44, -4*o - 2*w = -6*w - 56. Calculate the remainder when 34 is divided by o.
10
Suppose 0 = -3*m + 2*v + 16, 0 = -m - 7*v + 3*v - 18. Calculate the remainder when 3 is divided by m.
1
Let s be (3/2 - 1)*1704. Let z be 0 + (0 + -2 - 7). Calculate the remainder when (-2)/z + s/54 is divided by 9.
7
Calculate the remainder when (-2 + 1)*6*-5 is divided by 11.
8
Let r = -1 + 22. Calculate the remainder when r is divided by 6.
3
Suppose 129 + 3 = 4*m. Let u = m + -11. Calculate the remainder when u is divided by (2 - (-2 + 2)) + 4.
4
Let a(x) = x**2 + 2. Let w be a(0). Let k(r) = r**w - 5 + 5*r + 5. Calculate the remainder when 40 is divided by k(-7).
12
Calculate the remainder when (6/9*-1)/((-1)/54) is divided by 25.
11
Let q(h) = 20*h**2 - 1. Calculate the remainder when 34 is divided by q(-1).
15
Suppose 5*x = 10*x - 485. What is the remainder when x is divided by 20?
17
Let k be -2*(9/6 - -2). Let a(t) = -t**3 - 6*t**2 + 5*t - 6. Calculate the remainder when 13 is divided by a(k).
5
Let a be (4/8)/(4/104). Let y(i) = i**2 - 14*i + 16. Calculate the remainder when 5 is divided by y(a).
2
Let h(j) = 2*j**3 + j**2 - j - 2. Let g = -10 - -3. Let f = 2 - g. What is the remainder when h(2) is divided by f?
7
Suppose -t = -4 + 3. Suppose -y - 5*b = -17, y - 4*b + t = 9. Calculate the remainder when 23 is divided by y.
11
Calculate the remainder when (13/4)/((-2)/(-24)) is divided by 14.
11
Let s be (-2)/(-3) + (-438)/9. Let c = s + 74. Let v(r) = r + 14. Calculate the remainder when c is divided by v(0).
12
Let z = 6 + -3. Let n = -10 - -12. What is the remainder when z is divided by n?
1
Suppose 3*n = b - 0*n - 2, -4*b + 3*n - 1 = 0. Let r be 0 - 1*(b - 2). Let l = 5 - r. What is the remainder when l is divided by 2?
0
Suppose -4*l + 55 + 49 = 0. Suppose 2*d = -x - 3*x + l, -x = d - 6. Calculate the remainder when (27/(-12))/(9/(-48)) is divided by x.
5
Suppose d = 1, 0*i + 3*i - 3*d + 24 = 0. Let p = i + 13. What is the remainder when 11 is divided by p?
5
Suppose -4*q - 5 = 3*i, 5*i = -4*q + 3*q - 31. Let o = -5 - i. Suppose 2*x + o = -0*x + 5*m, 2*m = 2*x - 10. What is the remainder when 25 is divided by x?
7
Let m = -5 + 11. Let u(y) = 9*y - 1. Let p be u(m). Suppose -p = -4*r + a, r + 1 = -0*r + 5*a. Calculate the remainder when 41 is divided by r.
13
What is the remainder when (2/4)/(4/192) is divided by 9?
6
Suppose 11*d - 14*d + 123 = 0. What is the remainder when d is divided by -2*1*22/(-4)?
8
Let y(c) = -c**2 - 15*c - 23. Calculate the remainder when y(-9) is divided by (-4)/(-16) + 62/8.
7
Suppose 236 = 4*l - m, -5*l = -3*l + m - 112. Suppose -5*o = 4*p - l, 13 = -4*o + 5. What is the remainder when 66 is divided by p?
15
Let q = 23 + -5. What is the remainder when q is divided by 10?
8
Let q be 3/((-46)/15 - -3). Let s = -28 - q. What is the remainder when 32 is divided by s?
15
Suppose -2*m = 39 - 7. What is the remainder when 43 is divided by (92/m)/((-1)/4)?
20
Suppose 0 = -r + 5*r - 28. Suppose -k = k + 30. Let d = 34 + k. Calculate the remainder when d is divided by r.
5
Suppose -2*c + 3 + 11 = p, 3*p = -5*c + 34. Suppose 2*v = -3*r + 49, -81 = -5*r - 3*v - 0*v. What is the remainder when r is divided by c?
7
Let r(w) = 6*w**2 + 6*w + 4. Calculate the remainder when 94 is divided by r(-2).
14
Suppose -48 = -0*c - 3*c. Suppose -4*f + 76 = c. What is the remainder when 42 is divided by f?
12
Suppose 0 = -2*i - i + f - 132, -5*i - 3*f - 234 = 0. What is the remainder when 7 is divided by (-125)/i - 2/(-9)?
1
Suppose 33 = -3*d - 0*d. Let j = 24 + d. Calculate the remainder when (-1)/(-4) + (-693)/(-28) is divided by j.
12
Suppose 4*x - 36 = -2*i, -3*i - 16 = -4*x + 30. Suppose 2*g + 5*l = 58, 6*l - x = l. What is the remainder when g is divided by 9?
6
Suppose 2 = a + a. Let d(i) = 8*i**2 + 1. Calculate the remainder when 16 is divided by d(a).
7
Suppose 30 + 0 = d + 4*a, 0 = -4*d - 4*a + 84. What is the remainder when 68 is divided by d?
14
Suppose -2*j + 1 = -17. Calculate the remainder when j is divided by 6.
3
Let j = 5 + -3. Suppose 0*y - 41 = -5*i - 4*y, j*y = 3*i - 29. What is the remainder when i is divided by 5?
4
Let h(f) be the third derivative of f**5/6 - f**4/24 - f**3/6 - 4*f**2. Calculate the remainder when h(1) is divided by 2.
0
Let c(r) = -4*r**2 - 2*r - 2. Let m(d) = 5*d**2 + 3*d + 2. Let w(t) = 6*c(t) + 5*m(t). What is the remainder when w(4) is divided by 14?
12
Suppose 2*l - 14 = 28. Suppose -11 = -0*x - x. What is the remainder when l is divided by x?
10
Calculate the remainder when 1242/14 - (-14)/49 is divided by (-66)/(-3) + 2 + -1.
20
Calculate the remainder when 7 is divided by (-18)/12*4/(-3).
1
Suppose -2*a - 5 = -5*d + 46, -67 = 3*a + 2*d. Le